r of q and 2.
2
Suppose 121 = 11*w - 0. Let j be 420/(-8) - 3/2. Let b be 13 + -12 - j/1. Calculate the highest common divisor of b and w.
11
Suppose 4*m - 27 = -3*s, 5*s + 4 = 9. Suppose m*t - 1368 = 10*t. Let n be (-35)/(-11) + t/66 + 5. What is the greatest common factor of 3 and n?
3
Let u be 2 - 111122/(-14) - (7 - 423/63). What is the highest common factor of 85 and u?
17
Suppose 3*l = -4*a, -2*l = a - 3 + 8. Suppose -2*s = -3*f - 62, 5*s + a*f - 160 = s. Let d = -20 + s. Calculate the greatest common factor of 119 and d.
17
Suppose 3*x - 4*n - 164 = 0, -4*x - 146 = -7*x - 5*n. Calculate the highest common divisor of 452 and x.
4
Suppose 0 = -2*g - 5*k + 245, 3*k + 95 - 110 = 0. What is the greatest common divisor of g and 22?
22
Suppose -2*c + 39 = 3*m, -4*m + 5*c + 31 = 2. Let p = -283 + 558. What is the greatest common divisor of m and p?
11
Let j be ((-8)/12)/(-1 - (-14)/12). Let h(c) = -17*c - 4. Let r be h(j). Let u = r + 14. What is the greatest common factor of u and 39?
39
Suppose s - 3 = 0, 8*x + 2*s = 4*x + 118. What is the highest common factor of x and 203?
7
Suppose -2*q = -2*g + 2*q + 688, 4*g + 2*q - 1366 = 0. What is the greatest common divisor of 627 and g?
57
Let u be (464/(-12))/(6/(-18)). Suppose u*n = 117*n - 90. Let h(m) = 2*m**3 - 2*m**2 + 3*m. Let k be h(3). What is the greatest common factor of n and k?
45
Let m(p) = -14*p**3 + p**2 + p + 1. Let u be m(-1). Suppose 30*h - 11055 = -36*h - h. Calculate the greatest common divisor of u and h.
15
Let k = 63 - 48. Let v be (-6)/k + 334/10. What is the highest common factor of v and 297?
33
Let i = -471 - -499. Let d = i - -377. Calculate the greatest common factor of d and 90.
45
Let s = 9266 + -9241. Calculate the greatest common factor of s and 35.
5
Suppose 4*u - 3154 = -3*k, -128*u = -2*k - 125*u + 2131. What is the greatest common factor of 161 and k?
23
Let z(t) = -t**2 + 19*t + 16. Let n be z(20). Let b be 14/63 - n/(-18). Let x = b - -28. What is the greatest common divisor of x and 252?
28
Suppose -30*q + 473 = -15*q + 28*q. What is the highest common divisor of q and 6875?
11
Let m(s) = -28*s - 126. Let r(a) = -a**3 + 3*a**2 - 6*a. Let u be r(3). Let i be m(u). Calculate the highest common factor of i and 84.
42
Let w be 10994/8 + 27/36. Suppose -9*p + w - 241 = 0. Suppose -q - 56 = -5*q. Calculate the highest common divisor of p and q.
14
Let d(w) = -9*w + 50. Let l be ((-3)/9)/((15/(-3))/75). Let o be d(l). Calculate the highest common factor of o and 3.
1
Let c(t) = 42*t + 36. Let m be c(5). Let j = m + -209. Calculate the highest common factor of j and 185.
37
Suppose 5*d + 2*r = -2*r + 81, -5*d + 2*r = -57. Suppose -5*o + 14 = -i, 42*o - 38*o - d = -i. Calculate the highest common factor of 2 and o.
1
Suppose -4507 - 1479 = -f - 3*t, t - 23944 = -4*f. Calculate the highest common divisor of 82 and f.
82
Suppose 2*s - 8*w = -4*w + 536, -3*s + w = -789. Let q = s + -261. What is the greatest common divisor of q and 7?
1
Suppose 0 = 24*y + 2365 - 6491 - 5858. What is the greatest common divisor of y and 2392?
104
Suppose -2*v = g - 666, -1332 = -2*g + 26*v - 27*v. Calculate the greatest common factor of g and 54.
18
Let q be (12/(-18))/((-4)/(-30)). Let l = q - -16. Let d(o) = -4*o**2 + 81*o - 122. Let w be d(17). What is the highest common divisor of w and l?
11
Let m = 3438 + -3433. Let w = -4 - -7. What is the highest common divisor of w and m?
1
Let q be (180/(-120))/((-4)/144). What is the highest common factor of q and 522?
18
Let h be 31/(1860/2560)*(18/4 + 3). Calculate the greatest common divisor of 1140 and h.
20
Suppose 15*n - 14*n + 3*o = -39, -5*o = 10. Let v be 21*2/6 - n. Suppose 16 = 3*k + k. What is the highest common factor of v and k?
4
Suppose 4*f - 4*i - 1100 = 0, -7*f - i = -10*f + 817. Let u = f + 1. What is the highest common factor of 48 and u?
16
Let o be (1 - 447/(-9))*3. Let m(j) = 12*j + 50. Let g be m(-4). Suppose 2*l - k - 16 = 0, 4*k - 7 = g*l - 23. Calculate the highest common divisor of o and l.
8
Suppose 70 = 5*h - 270. Let p be ((-5746)/h)/((-2)/4). What is the highest common factor of 13 and p?
13
Let k = -111 + 90. Let f be (72/k - -2)*-7. Suppose y + 4*h = 138, -9*y + f*y - 5*h - 174 = 0. Calculate the greatest common factor of y and 14.
14
Let m(n) = 310*n - 1252. Let x be m(77). Calculate the highest common divisor of x and 86.
86
Let q(o) = 673*o - 26180. Let v be q(39). Suppose -2401 = -3*i + 11. Calculate the highest common factor of i and v.
67
Suppose -13*s = 8*s + 1092. Let p = -45 - s. What is the greatest common factor of 49 and p?
7
Let d be 8 - (0 + 2)/1. Let u = -19254 + 19266. Calculate the greatest common factor of d and u.
6
Let x be (0 + 3 - 3) + 2. Let y be 4*x/((-16)/(-350)). Suppose -47 = 4*s - y. Calculate the highest common factor of 4 and s.
4
Let h = 54 - 36. Let c(o) = -o**3 - 52*o**2 + 168*o + 246. Let w be c(-55). What is the highest common divisor of h and w?
9
Let s be 1/2*(-7)/(7/20). Let w be 30/6 + s + 14/1. What is the highest common divisor of w and 18?
9
Let g(m) be the third derivative of m**6/30 - 7*m**5/60 + m**4/4 - 2*m**3/3 - 23*m**2. Let t be g(2). What is the highest common divisor of 18 and t?
6
Let z(y) = -4*y + 8. Let m be z(10). Let p be -2*(-6)/16 - 136/m. Suppose 264 = 6*g + p*g. What is the greatest common divisor of g and 4?
4
Let p(x) = 370*x - 3558. Let d be p(15). What is the highest common divisor of 168 and d?
24
Let f = 153 - 148. Suppose -q + 2*g = -90, -417 = -0*q - f*q - g. What is the highest common factor of q and 12?
12
Let s(r) = -11*r**2 + 64 - r**3 - 113 + 14*r + 48 + 56. Let z be s(-12). Calculate the highest common divisor of 155 and z.
31
Let w be 6 + -3 + ((-6)/(-2) - 1). Let q be (-3)/6*-2 + (8 - w). Suppose -3*b + 4*j + 0*j = -6, -3*b - 5*j = -6. Calculate the highest common factor of b and q.
2
Suppose -32*k + 33*k = 6. Let c be -6 + 1404/(24/k). What is the highest common divisor of c and 138?
69
Let n = 183 - 158. Let c be (-660)/18*(240/n)/(-4). Calculate the greatest common factor of 32 and c.
8
Let a be (16/(-192) - 390/(-40)) + (-1)/(-3). What is the greatest common factor of a and 1690?
10
Let m be 2/3*-6 + 151. Suppose -4*l - 84 = -4*k - 8*l, -5*k + l + 105 = 0. Calculate the greatest common factor of m and k.
21
Let x = -585 + 603. What is the highest common divisor of x and 981?
9
Suppose -b = -3*j + 14, -5*b = -3*j + 3 + 7. Suppose 0 = j*v + p - 1641 - 248, v - 4*p - 361 = 0. Calculate the greatest common divisor of 13 and v.
13
Let j = -24 + 26. Suppose -j = -6*s + 4*s. Let b be -4*(-1)/2*s. What is the greatest common divisor of 14 and b?
2
Suppose -4*x - 140 = -5*i + x, -2*i = -3*x - 51. Suppose -2*l - l + i = 0. Let c be (-14)/((1/11)/((-4)/8)). Calculate the highest common factor of l and c.
11
Let t be (650/13 - -4)*453/2. Calculate the highest common factor of 108 and t.
27
Suppose -3*j = 4*t - 306, -29*j + 32*j - 312 = -3*t. What is the highest common factor of 242 and j?
22
Suppose -2*s + 3*n + 486 = 3*s, s = 4*n + 87. What is the greatest common divisor of 10131 and s?
33
Let w = -223 - -219. Let u(x) = -94*x - 4. Let c be u(w). What is the highest common divisor of 12 and c?
12
Let m(w) = -39*w - 3. Let k be m(-1). Let v = k + -6. Let s = 85 + -10. Calculate the highest common divisor of v and s.
15
Suppose -413 = 181*y - 240*y. Calculate the highest common divisor of y and 64.
1
Let r(a) = -a**3 - 13*a**2 + 2*a + 29. Let i be r(-13). Suppose -4*l + 39 = -i*j - 20, -3*j = 15. What is the greatest common divisor of l and 11?
11
Let h = 12971 + -12382. What is the highest common divisor of h and 361?
19
Let a(s) = 335*s + 1100. Let l be a(12). What is the highest common factor of l and 40?
40
Let u = -2910 + 3998. Calculate the greatest common factor of u and 85.
17
Suppose 4635*l = 4608*l + 1134. What is the greatest common factor of l and 266?
14
Let z(p) = -p**3 + 15*p**2 - 13*p + 5. Let l be z(14). Let t = l - 6. Suppose -120 = -t*b + 10*b. Calculate the greatest common divisor of 5 and b.
5
Let t = -28311 - -28955. Calculate the highest common divisor of t and 56.
28
Let f be 33/(-42)*-2 + (-21)/(-49). Suppose 0 = f*l - 4*k - 16, -6*l + 4*l - 3*k + 30 = 0. Calculate the highest common divisor of 3 and l.
3
Suppose 10